 + 20 = 0. What is the remainder when 13 is divided by o?
3
Let o(l) = l**3 + 2*l**2 - 5*l - 2. Suppose 44 + 1 = 5*j. What is the remainder when j is divided by o(-3)?
1
Suppose -5*f - 3*m = m - 95, -f = -3*m - 19. What is the remainder when 74 is divided by f?
17
Let s(w) be the second derivative of -w**5/20 + w**4/2 - 2*w**3/3 - 3*w. Calculate the remainder when s(5) is divided by 3.
2
Let i(w) = w + 7. Let f = 0 + 25. Suppose 2*t = -u + 1 + 4, 4*u = -3*t + f. What is the remainder when u is divided by i(-4)?
1
Suppose 5*g - 45 = 115. Suppose -3*w + w = -g. Calculate the remainder when 45 is divided by w.
13
Let t = -1 + -1. Calculate the remainder when t/(-8) - 182/(-8) is divided by 8.
7
Suppose -3*i - i + 92 = 0. Suppose 0 = -5*l + 113 + 227. Calculate the remainder when l is divided by i.
22
Suppose -2*a = l - 15, -25 = 4*l - 9*l. Suppose g = -2*j + 3 + 12, 0 = a*g + 25. Calculate the remainder when j is divided by 6.
4
Let v = 7 + 28. Calculate the remainder when v is divided by (-2 + (-48)/(-15))*10.
11
Suppose -4*r + 6*r - 10 = 0. Suppose 6 = -r*i + 376. Suppose 3*b = 19 + i. What is the remainder when b is divided by 16?
15
Let w = 13 + -11. Suppose 14 = w*a - 24. What is the remainder when a is divided by 7?
5
Let q(f) = f - 4. Let s be q(7). Let z(c) = 4*c**s + 2 + 2 - 5*c**3 + c. Calculate the remainder when z(-3) is divided by 10.
8
Suppose -c + 5*h + 56 = 0, -2*c - 6*h + h = -97. Let t = -16 + 29. Calculate the remainder when c is divided by t.
12
Suppose 4*s = 4*t - t, 3*t - 2*s = 6. Let q(n) = -n**3 + 5*n**2 - 3*n + 10. What is the remainder when q(4) is divided by t?
2
Suppose 3*z + 96 + 33 = 3*q, -5*q + 209 = -3*z. Calculate the remainder when q is divided by 14.
12
Let p be (-8)/3 - 1/3. Let t(n) = 21*n**2 - n - 4. Let y be t(p). What is the remainder when y/8 + 2/(-4) is divided by 12?
11
Let x(u) = u**3 + 10*u**2 - u - 13. Let j be x(-10). What is the remainder when 38 + (4 + j - 3) is divided by 13?
10
Let h = -153 - -232. What is the remainder when h is divided by 20?
19
Suppose 5*t = 9 + 6. Calculate the remainder when t is divided by (-16)/(-9) + (-4)/(-18).
1
Suppose 3*w - 12 = -w. Let p = w - 4. What is the remainder when 57 is divided by (10 - (p - 1)) + 3?
12
Let t(y) = -y + 11. What is the remainder when 97 is divided by t(-9)?
17
What is the remainder when (-788)/(-3) - (5 + (-104)/24) is divided by 11?
9
Let r(c) = c**2 + 5*c - 1. Let m be r(-6). Suppose -j = 4*k - 61, m*k - 4*j = -5*j + 76. What is the remainder when 43 is divided by k?
13
Let u be 3 - (4 + -7 + 3). Suppose -u*k + 101 = -2*x - 82, 180 = 3*k - x. What is the remainder when k is divided by 15?
14
Suppose -r = 2*r - 15. Calculate the remainder when (-2)/((-4)/2)*14 is divided by r.
4
Suppose 5*o - 52 = -4*z + 27, -3*o - z + 46 = 0. Calculate the remainder when (-1760)/(-30) - 2/3 is divided by o.
13
Suppose 5*h - 2*l - 2 = 3, 0 = -4*h - l + 17. Suppose 7*w + 5*b = 3*w + 11, 3*w = h*b + 15. Calculate the remainder when 14 is divided by w.
2
Suppose 0 = x - 61 - 9. Let a = -46 + x. Calculate the remainder when 93 is divided by a.
21
Suppose -3*w - c + 33 = 2*c, -2*c + 31 = 3*w. Calculate the remainder when w is divided by 3.
0
Let l be (-1)/4 - 42/(-8). Let f be 5 - l - (-1)/1. Let c(p) = 8*p. Calculate the remainder when 22 is divided by c(f).
6
Suppose -w = -4*w + 9. Suppose y - w*b = 22, 2*b = -2*y - 0*b + 60. Calculate the remainder when y is divided by 15.
13
Suppose 0 = p, -76 = 3*z - 2*p - 310. What is the remainder when z is divided by 20?
18
Suppose 12 = 2*x + 2*d, -7 = -2*x - 4*d + 9. Suppose q - 50 = -x*q. What is the remainder when 18 is divided by q?
8
Let m be ((-14)/(-4))/((-9)/(-18)). Calculate the remainder when 8 is divided by 34/m + 10/70.
3
Let v = 1 - -3. Let h(g) = g**3 - 5*g**2 + 3*g + 5. Let s be h(v). Calculate the remainder when 1/(3/72*s) is divided by 13.
11
Suppose 3*v - 4 = v. Let l(q) = 0*q**3 + 3*q**v + 5*q + 0*q - q**3. What is the remainder when l(4) is divided by 2?
0
Let h be 2/(-8)*-2*0. Suppose -3*r = -h*r - 27. What is the remainder when 100/(-40)*12/(-2) is divided by r?
6
Let r(b) = -18*b**3 + 2*b**2 + 2*b + 1. Let o(d) = -d + 10. Calculate the remainder when r(-1) is divided by o(3).
5
Let j(f) = -f**2 - 9*f - 2. Calculate the remainder when j(-8) is divided by 5.
1
Let q = -15 - -23. What is the remainder when q is divided by 5?
3
Let p(k) = 3*k**2 - 5*k - 6. Let g(x) = -2*x**2 + 3*x + 4. Let b(i) = 7*g(i) + 5*p(i). Let f = 11 + -6. Calculate the remainder when 8 is divided by b(f).
2
Let a be 2/(-6) - 48/(-9). Suppose -2*w = a*d + w - 32, -w + 20 = 3*d. Suppose 0*x = -4*x + 16. What is the remainder when d is divided by x?
3
Suppose k - 59 = 17. What is the remainder when k is divided by 11?
10
Let t = 121 - 90. Calculate the remainder when t is divided by 17.
14
Suppose 4*w + 19 = 5*w. Let k = -57 + 67. What is the remainder when w is divided by k?
9
Calculate the remainder when (26*(-1)/4)/((-2)/4) is divided by 4.
1
Let o = -3 + 5. Suppose -5*i = -o*m - 130, 91 = 3*i + i + m. Suppose 3*p - 12 = 0, -j - 18 = -3*j + 2*p. Calculate the remainder when i is divided by j.
11
Let n = 7 + 0. Let g = 13 + 14. Calculate the remainder when g is divided by n.
6
Let r(a) = -9*a - 6. What is the remainder when 21 is divided by r(-2)?
9
Suppose 0 = 4*j - 4*g + 96, -g + 105 = -4*j - 0*g. Let m = -18 - j. Calculate the remainder when 25 is divided by m.
7
Let d be -2 + 144 + (2 - 4). Suppose -6*r = -r - d. Calculate the remainder when r is divided by 10.
8
Let g = -1 - -5. Suppose g*q + q + 3*p = 27, 21 = 3*q - 3*p. Let v(h) = h - 4. What is the remainder when v(q) is divided by 2?
0
Suppose -g = -5*g + 40. Calculate the remainder when 28 is divided by g.
8
What is the remainder when 25 is divided by 5/(-10) - (-54)/(-8)*-2?
12
Let d be 2*(-3 - 20/(-4)). Suppose d*s - 120 - 20 = 0. What is the remainder when s is divided by 12?
11
Let n(l) be the first derivative of -l**4/4 + 7*l**3/3 - 3*l**2 - 2*l + 3. What is the remainder when 52 is divided by n(5)?
16
Let r be -1 + 4 - (3 + 10). Suppose 0 = -2*m + 6 - 20. Let n = m - r. What is the remainder when n is divided by 2?
1
Suppose 2*y = -3*y + 1050. Suppose -u - u + y = 0. Suppose 5*j = 2*s - 70, -5*j + u = -s + 4*s. Calculate the remainder when s is divided by 12.
11
Let v = 229 + -103. Calculate the remainder when v is divided by 32.
30
Suppose 0 = -2*k + 21 + 15. What is the remainder when k is divided by 10?
8
Suppose 5*c + 2*b - 3*b = 35, -c = 4*b + 14. Let z be c/(-9) + 3652/6. Calculate the remainder when (-6)/(-27) - z/(-18) is divided by 12.
10
Suppose 0 = s + s - 178. Suppose -l - s = -4*q + 4*l, 2*l + 10 = 0. What is the remainder when 47 is divided by q?
15
What is the remainder when 43 is divided by (0 + -9)/(24/(-3) + 7)?
7
Let a(z) = z**3 + 5*z**2 - 4*z - 3. Let f be (-96)/(-10)*(-100)/(-6). Suppose -f = -0*k - 5*k. What is the remainder when k is divided by a(-5)?
15
Let f(w) = -w**3 + 4*w**2 + 4. Let j be f(4). Suppose -j*a = a - 40. Calculate the remainder when 29 is divided by a.
5
Suppose 4*i = -5*l + 74, 8*l - 40 = 5*l + 2*i. Calculate the remainder when 38 is divided by l.
10
Suppose 0 = 5*j - 5*n - 255, 2*j + 0*j + 5*n - 102 = 0. What is the remainder when j is divided by 14?
9
Suppose 0 = 4*s - 20*s + 208. What is the remainder when 77 is divided by s?
12
Suppose 3*p = 4*w - 14, p - 12 = -3*w + 4*p. Suppose 213 = w*m + m. Suppose -2*i + 46 = 5*d - 0*d, -3*d = -i + 12. What is the remainder when m is divided by i?
17
Suppose -24*i + 26*i = 22. Calculate the remainder when 76 is divided by i.
10
Let u be (-6)/9 - (-40)/6. Let o = -4 + u. Let n(j) = j - 3. What is the remainder when o is divided by n(5)?
0
Let n = -20 + 56. Let a(c) = c**2 + 2*c + 4. What is the remainder when n is divided by a(3)?
17
Suppose -52 = 4*z - n, 2*z + 12 + 36 = -5*n. What is the remainder when 17 is divided by ((-24)/z)/(8/28)?
5
Let b(q) = -q**3 - 7*q**2 - 4*q - 13. Calculate the remainder when b(-7) is divided by 6.
3
Let d(w) = -w**2 - 4*w + 1. Calculate the remainder when 19 is divided by d(-2).
4
Suppose -5*d - 56 = -296. Let l(u) = 2*u + 8. Let c be l(-6). Let k = d - c. What is the remainder when k is divided by 18?
16
Let b = 9 - 1. Suppose 4*c + 24 = c. Let